 + -10. Let r = -9 + c. Let j(b) = 6*b**3 + 2*b**2 + 2*b - 1. Is j(r) a composite number?
False
Is ((-4)/(-6))/(14/399) composite?
False
Is (4 + 108/(-16))*-20 a composite number?
True
Let d = 568 - 311. Is d prime?
True
Let d be (-6)/(-4)*(2 + 4). Let m be (-7)/(0 - 1/d). Suppose m = -l + 4*l. Is l a composite number?
True
Let w(v) = -v**3 - v**2 - 3. Let b be w(-3). Is 287/5 + (-6)/b prime?
False
Let r(t) = 7*t - 3. Let y be r(7). Suppose -4*c = c + 125. Let i = c + y. Is i a prime number?
False
Is (534/(-4))/((-6)/52) a composite number?
True
Suppose 0 = q - 5*q - 16. Let p be 6/q - 6/(-4). Suppose 5*v - 84 - 11 = p. Is v composite?
False
Suppose 0*b + 3*b + 401 = -5*x, 5*b = 2*x + 179. Let v = 43 + x. Is -1 - (2 + -1) - v composite?
False
Let n(b) = 2*b**2 - b. Let y be n(2). Let l be (y/(-10))/(5/(-25)). Suppose 0 = 3*p - 5*s - 476, s + 473 = l*p - s. Is p a composite number?
False
Suppose -5*w + 548 - 63 = 0. Is w prime?
True
Let l be (-63)/12 + 1/4. Let d be (8/l)/2*-1175. Suppose 3*q - d = -4*w, 0 = -2*q + 3*q. Is w prime?
False
Let k(t) = -24*t + 9. Is k(-10) prime?
False
Let o(m) = -16*m**2 + m + 7. Let z be o(-4). Let c = z - -444. Is c prime?
True
Suppose 0*l = 4*l - 1132. Suppose 3*v = -r + 58, -4*r + 2*v + l = -3*v. Is r composite?
False
Suppose -x - 5 = 0, -j - 3*x = -5*x - 1403. Is j composite?
True
Is ((-20)/(-8))/((-2)/(-2216)*2) prime?
False
Suppose -4*p + 315 + 962 = 3*d, -p = -d + 414. Let t = d - -60. Is t a prime number?
True
Suppose 0*h + 4*h + 8 = 0. Let d be (-21 - h)/(2/(-6)). Suppose -5*p + 2*p + d = 0. Is p prime?
True
Is 382*((-1)/2 + 1) prime?
True
Suppose 5*x = x + 332. Suppose -2*k + x - 9 = 0. Is k composite?
False
Let x(d) = -d**3 + 7*d**2 + d - 2. Let c = 7 - 2. Let v be x(c). Is 2*1/(2/v) a prime number?
True
Let l = -375 - -598. Is l prime?
True
Let j(p) = -p - 2. Let k be j(4). Let q be (k + 8)/(2/113). Let m = q - 76. Is m composite?
False
Let y = -3 - -5. Let z be (-19)/(-2)*26 - -2. Suppose a = -y*a + z. Is a prime?
True
Let h(z) = -z**2 - 3*z + 1. Let y be h(-2). Let b = y - 3. Is (0 - -17 - 2) + b composite?
True
Let p(h) = h**3 + 8*h**2 + 7*h + 3. Let l be p(-7). Let m(x) = 105*x - 5. Let c be m(4). Suppose -s = 2*a - 294, -6*a = -l*a - 5*s - c. Is a a composite number?
True
Suppose 5*r + 0 = -5. Let t = r - -1. Let l(c) = -c + 13. Is l(t) a composite number?
False
Let q(w) = w - 13. Let h be q(13). Suppose h = l + 2*l + 690. Let c = l + 585. Is c a prime number?
False
Let h be (-8)/(-28) - (-26)/7. Suppose d + 2*g = 28 - 10, 4*d = h*g + 96. Is 0 + -3 + 2 + d prime?
False
Suppose -15 = -5*v + 170. Suppose 4*a = 8*a. Suppose -m + a*m + v = 0. Is m composite?
False
Suppose -d - 4*d = -565. Is d prime?
True
Let s be -1 + (-3 - -4) + 5. Suppose 5*a - 113 = i, -2*i = -s*a + 53 + 58. Is a a composite number?
False
Let r(j) = -180*j + 23. Is r(-14) prime?
True
Let v(n) = n + 8. Let y(h) = h. Let q be y(-6). Let d be v(q). Suppose -3*b + 67 = 4*c, -5*b - d*c + 44 = -3*b. Is b a composite number?
True
Let y be -157 - (2 + 4/(-2)). Let p = 108 - y. Is p prime?
False
Suppose -3*c + 2725 = 3*k + 223, 0 = -4*c + 4*k + 3368. Is c prime?
False
Suppose -5*t - r = -6*r + 15, 5*t + r = 3. Suppose -2*g + 4*g - 4 = t, 3*k = -g + 17. Let y(f) = 5*f - 6. Is y(k) a prime number?
True
Let s = 1377 + -647. Let g = -493 + s. Is g a composite number?
True
Let h(x) be the second derivative of x**5/20 - x**4/2 - 5*x**3/6 - 5*x**2 - 2*x. Let p be h(7). Suppose -p*m + 12 = -m. Is m a composite number?
True
Let z(c) = -27*c + 1. Let s be -6 + (-6)/(-3) + 1. Is z(s) a prime number?
False
Let d(c) = -19*c - 7. Is d(-8) prime?
False
Is 1*2*24110/20 a composite number?
False
Let b(s) = -3 + 0*s**2 - 2 - 2*s**2 - 5*s - 2*s**3. Suppose 4*a + 2*u = 2*a - 4, -4*a = -4*u + 24. Is b(a) prime?
False
Let d be 3/12 - (-31)/4. Suppose o - d = -5*i, 5*o - 2*i - 17 = -4*i. Suppose -3*q = -0*q, o*u = -4*q + 45. Is u prime?
False
Let b(k) = 3 - 2 - 2 + k**2. Let h(j) = -3*j**2 - 3*j + 6. Let s(m) = 5*b(m) + h(m). Is s(2) a prime number?
True
Let s(i) = -20*i - 1. Let z be s(-9). Is (4 - 4) + 1*z a prime number?
True
Suppose -f + 6*f - 3525 = 0. Is -2*(f/(-2) - -2) composite?
False
Is (-28)/16*3/((-6)/1912) composite?
True
Let m = -6 - -10. Suppose -x + 6*x - m*q - 33 = 0, 5*x = -4*q + 57. Suppose x = -4*k + 229. Is k composite?
True
Let p(t) = 33*t + 5. Is p(6) prime?
False
Suppose a - 2*a = -2*l - 549, 0 = 2*a - 2*l - 1090. Is a composite?
False
Let b = -30 - -51. Suppose z = -5*s + b, 3*s + z = -s + 16. Suppose -97 + 2 = -s*y. Is y prime?
True
Let i(p) = p - 1. Let b(o) = 2*o - 7. Let k(l) = b(l) - 4*i(l). Let r be k(3). Is 24 - -3*3/r a composite number?
False
Let r(k) = 20*k + 2. Let c(b) = -20*b - 3. Let p(j) = 4*c(j) + 5*r(j). Let v be p(2). Let m = v - 19. Is m a prime number?
True
Let r(a) = -2*a - 2. Let o be r(-5). Suppose 7*l + o = 3*l. Is (-193)/l - (-2)/4 a prime number?
True
Let w be (-4)/2*(-2)/4. Suppose 0 = x - w - 2. Suppose -4*v + v - 54 = -i, 0 = x*v - 3. Is i a prime number?
False
Is (3/1 + -2 + 0)*79 prime?
True
Let u(w) = 4*w**2 + 3*w - 2. Suppose 0*k = 4*k + 20. Is u(k) a prime number?
True
Let o(w) = 3253*w**2 + w - 1. Is o(-1) a composite number?
False
Let m(k) = 2 + 4*k**2 + 4 - 2*k + k. Let j(t) = -5*t**2 - 7. Let y(q) = -5*j(q) - 6*m(q). Is y(-7) composite?
True
Let n be (-31)/4 + 2/(-8). Let j = 13 + n. Let w(l) = -l**2 + 11*l + 7. Is w(j) composite?
False
Let j be (-6)/4*(-400)/12. Suppose 56 + j = 2*g. Is g a prime number?
True
Suppose 0 = -5*i - 5*q + 785, 3*i + 5*q - 271 = 210. Let a = i - 97. Is a a prime number?
False
Suppose 3*c + 2*r + 990 = 321, 0 = -3*c + 2*r - 657. Let u = -94 - c. Is u composite?
False
Suppose j = -4*j - 215. Let t = j + 80. Is t prime?
True
Let c be -1*3/6*4. Let a be c/(87/(-93) - -1). Is (2 - 3)/(1/a) prime?
True
Let h(v) = 6*v**3 - 4*v**2 + 4*v - 3. Suppose -3*z = 2 - 8. Is h(z) composite?
False
Suppose 13*m = 3435 + 7498. Is m a composite number?
True
Suppose 5*r = -4*o, -3*o + r = -0*r - 19. Suppose 4*t = -o*n - 11, 8*n = -4*t + 4*n - 12. Is (-85)/t + (-3)/12 a composite number?
True
Let h be 2 + -3 - (41 + 2). Let n = h - -79. Is n a prime number?
False
Let u(z) = 10*z**2 + z + 5. Let w be u(5). Suppose 4*i + w = -i. Is (-1)/2*(i + 2) a composite number?
True
Let k be (2 + 40/6)*3. Suppose 4*q + 11 = -l - k, 4*l = 12. Is (4/q)/((-2)/70) a prime number?
False
Let v(r) = -r**3 - r**2 + 3*r - 4. Let f be v(-3). Suppose -2*h + 245 - 95 = 2*w, -4*w = -f*h - 318. Is w a prime number?
False
Suppose 5*c - 20543 = 3*h, h - 1 = 3. Is c prime?
True
Let g = 3226 + -2169. Is g a prime number?
False
Let v(r) = -7*r**2 + r - 6. Let f(g) = -4*g**2 - 3. Let o(d) = 5*f(d) - 3*v(d). Let q be o(3). Suppose 2*i - 29 = -q*c, -6*i = -2*i + 5*c - 57. Is i prime?
True
Let h(k) = -k**2 + k. Let z(c) = -72*c**2 + 4*c + 1. Let t(d) = 6*h(d) - z(d). Let s be (2 + -4)*(-2)/4. Is t(s) prime?
True
Let h(z) = -30*z**3 + z**2 + z - 4. Suppose 0 = 7*q - 2*q + 15. Let y be h(q). Suppose 7*p - 3*p - y = 0. Is p prime?
False
Let k = -185 + 81. Let p be (201/(-5))/(1/5). Let c = k - p. Is c prime?
True
Is 4874*1*1/2*1 a composite number?
False
Let z(w) = 51*w - 16. Is z(5) prime?
True
Is 11079 - (-3 + 1 + -2) a composite number?
False
Suppose -2*m = 2, 2*j + 4*m = -17 + 207. Is j composite?
False
Let l(g) = g**2 + 20*g + 3. Let q(a) = -a**2 - 21*a - 2. Let o(d) = -5*l(d) - 4*q(d). Is o(-10) prime?
True
Let i = 196 + -62. Suppose 3*j + i = g - 0*g, -571 = -4*g + 5*j. Is g a prime number?
True
Suppose 0 = -7*j - 501 + 3854. Is j a prime number?
True
Let n(i) = 1809*i**2 - 2*i. Is n(-1) prime?
True
Suppose 2*c = 189 - 19. Is c prime?
False
Let l = -12 + 61. Is l a prime number?
False
Is (-3)/21 - ((-5762)/7 + 2) a composite number?
False
Suppose -202 = -0*k - 2*k. Suppose 0 = -2*o - 5*b + k, -56 = -o + 2*b + b. Is o prime?
True
Let w(i) = 54*i + 1. Let y(k) = 2*k + 5. Let t be y(-5). Let d(c) = -c**3 - 6*c**2 - 6*c - 1. Let b be d(t). Is w(b) prime?
False
Is 2611 - (4 + (0 - 2)) a composite number?
False
Let o be 66/2*(-2 + 1). Let f(s) = 7*s**2 + s + 4. Let b be f(-3). Let z = o + b. Is z prime?
True
Let l(n) = 10*n**2 - 9*n + 7. Is l(-5) composite?
True
Let c be (-1 + -6818)*(-1)/3. Suppose -3*s - c + 5570 = 0. Is s a